d 11918.
59
What is the highest common divisor of 1374 and 43955176?
458
Calculate the highest common divisor of 1012 and 5611804.
44
Calculate the highest common factor of 218876736 and 48.
48
What is the greatest common divisor of 64290 and 4710?
30
Calculate the greatest common factor of 560340 and 164340.
1980
Calculate the greatest common divisor of 1013568 and 28992.
192
Calculate the highest common divisor of 409 and 40987.
1
What is the highest common divisor of 59666564 and 8764?
1252
Calculate the greatest common factor of 2236 and 135902.
26
Calculate the greatest common divisor of 12597 and 1509911.
247
What is the highest common factor of 839700 and 18900?
2700
Calculate the greatest common divisor of 9199351 and 2233.
203
What is the greatest common divisor of 64291 and 77914?
239
What is the highest common factor of 171124 and 1995172?
956
What is the greatest common divisor of 4760 and 150920?
280
Calculate the greatest common factor of 16002338 and 374.
374
Calculate the highest common divisor of 353025 and 56835.
135
Calculate the greatest common factor of 9 and 2672019.
9
What is the greatest common factor of 91940 and 54?
2
Calculate the highest common divisor of 22280106 and 12.
6
Calculate the highest common divisor of 16996 and 4100.
4
What is the highest common divisor of 3303800 and 60?
20
Calculate the greatest common divisor of 3184 and 723932548.
796
What is the highest common factor of 864 and 599008?
32
What is the highest common divisor of 469891300 and 4036?
4036
What is the greatest common divisor of 1460015 and 8025?
535
Calculate the highest common factor of 456 and 1924662.
114
Calculate the highest common divisor of 5219200 and 336.
112
Calculate the highest common factor of 781604334 and 252.
126
Calculate the highest common divisor of 3633665 and 195517.
3689
Calculate the highest common factor of 3721 and 330620.
61
Calculate the highest common divisor of 15792063 and 7.
7
Calculate the greatest common divisor of 178185822 and 2682.
894
What is the highest common factor of 339 and 2719232?
113
Calculate the highest common factor of 5115 and 2105145.
15
What is the highest common divisor of 95393980 and 242?
242
What is the highest common factor of 346310 and 18190?
10
Calculate the greatest common divisor of 22982844 and 472566.
11526
What is the highest common factor of 1043262 and 759?
33
What is the highest common divisor of 4593998 and 16?
2
Calculate the greatest common divisor of 146401 and 9899.
521
What is the highest common factor of 535116 and 492?
12
Calculate the highest common divisor of 459455028 and 24.
12
Calculate the highest common divisor of 269496 and 79785.
1773
Calculate the highest common factor of 994200 and 1215.
15
What is the highest common divisor of 1565902 and 5737082?
6838
Calculate the greatest common factor of 129 and 212985.
3
What is the highest common divisor of 1182 and 6518?
2
What is the highest common divisor of 455372378 and 846?
94
What is the greatest common factor of 1047928248 and 1746?
1746
What is the highest common factor of 8499 and 924?
3
What is the greatest common factor of 6457150 and 5054?
266
What is the highest common factor of 2142720 and 2130?
30
Calculate the highest common factor of 17 and 34300577.
17
Calculate the highest common divisor of 566 and 164511296.
566
Calculate the greatest common divisor of 34 and 62347721.
17
What is the greatest common factor of 3088 and 41652488?
1544
What is the greatest common divisor of 54173163 and 15136?
473
What is the greatest common divisor of 72464 and 106582?
14
Calculate the highest common factor of 6640 and 2331642640.
6640
What is the greatest common factor of 10650 and 226488225?
5325
What is the highest common factor of 15 and 3826337175?
15
What is the greatest common divisor of 2136 and 4451736?
24
What is the greatest common divisor of 127895 and 15?
5
Calculate the greatest common factor of 166479740 and 415.
415
What is the greatest common factor of 3510189 and 11745?
783
Calculate the greatest common divisor of 39 and 4426683.
3
What is the highest common factor of 332 and 13634576?
332
What is the highest common factor of 3128965 and 23695?
35
Calculate the highest common divisor of 23300 and 9556495.
1165
Calculate the highest common factor of 721924 and 16905.
161
What is the greatest common factor of 1737 and 207?
9
Calculate the highest common divisor of 2227125 and 2175.
75
What is the greatest common factor of 16372236 and 147804?
1308
What is the greatest common divisor of 215584734 and 3282?
3282
What is the greatest common factor of 13197718 and 15853?
191
Calculate the greatest common divisor of 91770 and 12198.
114
Calculate the highest common factor of 14 and 304510136.
14
What is the greatest common factor of 154178 and 36322?
254
Calculate the greatest common factor of 1859536 and 24.
8
Calculate the highest common divisor of 32790450 and 82110.
3570
What is the highest common divisor of 2872 and 91660598?
718
What is the highest common factor of 536 and 1669144?
8
What is the greatest common factor of 19337436 and 61860?
12372
Calculate the highest common divisor of 2444897 and 13.
13
Calculate the highest common divisor of 755998899 and 417.
417
What is the greatest common divisor of 70908 and 557004?
228
What is the greatest common factor of 14065 and 159935?
145
What is the greatest common divisor of 43758 and 174276180?
3978
What is the highest common divisor of 2350887 and 20328?
231
What is the greatest common divisor of 4269 and 39532363?
1423
What is the greatest common divisor of 9918595 and 5375?
215
What is the highest common divisor of 83600 and 20368?
304
What is the greatest common factor of 95760 and 733950?
630
What is the greatest common divisor of 6675090 and 77265?
1515
Calculate the greatest common factor of 228 and 5229579.
57
What is the highest common factor of 58 and 26762215?
29
What is the greatest common factor of 3050 and 494165575?
1525
What is the greatest common factor of 21 and 1525783?
7
Calculate the greatest common factor of 121064243 and 7102.
3551
What is the highest common factor of 31923 and 5895?
9
What is the highest common divisor of 8559 and 246132?
27
Calculate the highest common factor of 305 and 40866035.
305
Calculate the highest common divisor of 121673 and 145921.
433
Calculate the highest common divisor of 13589212 and 13.
13
Calculate the highest common divisor of 209056 and 40588.
556
Calculate the greatest common divisor of 26750 and 248250.
250
Calculate the highest common divisor of 610831 and 81757.
247
What is the greatest common factor of 12606 and 262372?
22
What is the highest common factor of 13988 and 662740?
52
What is the greatest common factor of 20875 and 22426931?
167
Calculate the greatest common factor of 3175 and 2775725.
25
Calculate the highest common divisor of 58443502 and 52.
26
What is the highest common divisor of 505655 and 1265?
115
Calculate the greatest common factor of 15092 and 27270166.
1078
What is the greatest common factor of 1805 and 3142555540?
1805
What is the greatest common factor of 1382 and 54594?
2
What is the greatest common factor of 5146 and 900300419?
2573
What is the highest common factor of 1197135 and 57831?
111
What is the highest common divisor of 4255 and 33732863?
37
What is the greatest common divisor of 3099 and 1248478635?
3099
What is the highest common factor of 371 and 54798025?
53
Calculate the highest common divisor of 2420336 and 552.
184
Calculate the greatest common divisor of 2894 and 241362494.
2894
What is the greatest common divisor of 21625 and 1122943?
173
What is the highest common divisor of 5853816 and 100?
4
Calculate the highest common divisor of 459 and 214421.
17
What is the highest common divisor of 420 and 882696?
12
What is the highest common factor of 1815 and 49678365?
1815
Calculate the highest common divisor of 12586 and 7967.
31
Calculate the highest common factor of 198646994 and 791.
791
What is the highest common divisor of 103395723 and 185?
37
Calculate the greatest common divisor of 30 and 119238930.
30
Calculate the greatest common divisor of 3784 and 1278024.
88
What is the greatest common divisor of 44282318 and 4417?
631
Calc